 highest common divisor of 66618 and 9.
9
Calculate the greatest common factor of 238 and 4862.
34
What is the highest common factor of 837238 and 2298?
766
Calculate the highest common divisor of 47143 and 23.
1
Calculate the highest common divisor of 146 and 58838.
146
What is the highest common factor of 1479 and 79779?
87
Calculate the highest common factor of 8797490 and 130.
130
Calculate the greatest common divisor of 339 and 25651.
113
Calculate the highest common factor of 3963822 and 204.
102
Calculate the highest common divisor of 10801 and 259.
7
What is the greatest common factor of 20827675 and 583?
583
Calculate the highest common factor of 44640 and 1710.
90
What is the highest common factor of 651 and 3007?
31
Calculate the greatest common factor of 416 and 415792.
208
Calculate the greatest common factor of 50078 and 77175.
343
Calculate the greatest common factor of 214175 and 169.
13
What is the greatest common divisor of 28 and 130844?
28
Calculate the greatest common factor of 459 and 37740.
51
Calculate the greatest common factor of 41666 and 332.
166
Calculate the greatest common factor of 1040 and 448552.
104
Calculate the greatest common factor of 52472 and 1946.
14
Calculate the greatest common factor of 1985 and 223511.
397
What is the highest common divisor of 1114 and 8419612?
1114
Calculate the highest common divisor of 3844 and 28.
4
What is the highest common factor of 44 and 78067?
11
Calculate the greatest common divisor of 172666 and 2290.
458
What is the highest common factor of 241878 and 15288?
546
What is the highest common factor of 715848 and 420?
84
Calculate the greatest common factor of 615 and 734515.
205
Calculate the greatest common divisor of 56153 and 466.
233
What is the highest common divisor of 4554 and 43470?
414
What is the highest common divisor of 799 and 35513?
17
Calculate the greatest common factor of 2456 and 2711117.
307
What is the highest common factor of 11408 and 2576?
368
Calculate the highest common factor of 420 and 3510.
30
Calculate the highest common divisor of 2449 and 46345.
31
Calculate the greatest common divisor of 204 and 42908.
68
What is the highest common divisor of 8 and 24?
8
What is the greatest common factor of 10246 and 11118?
218
What is the greatest common factor of 8200 and 200?
200
What is the greatest common divisor of 105 and 6888?
21
What is the highest common divisor of 28 and 16226?
14
Calculate the greatest common divisor of 45045 and 3159.
117
Calculate the highest common factor of 10 and 13910.
10
What is the greatest common divisor of 9801 and 50193?
297
Calculate the greatest common factor of 4608 and 696.
24
Calculate the highest common divisor of 77 and 9493.
11
Calculate the greatest common divisor of 2775575 and 55.
55
Calculate the highest common factor of 4275 and 3375.
225
What is the greatest common factor of 6218 and 112?
2
Calculate the highest common factor of 216 and 156276.
108
Calculate the highest common divisor of 92 and 52900.
92
What is the greatest common divisor of 151721 and 30695?
877
Calculate the highest common divisor of 272 and 73576.
136
Calculate the greatest common factor of 1386 and 10494.
198
Calculate the highest common divisor of 18282 and 22.
22
What is the greatest common divisor of 315289 and 2054?
1027
What is the highest common divisor of 520432 and 704?
176
What is the greatest common divisor of 2729 and 37?
1
Calculate the highest common divisor of 476 and 556.
4
What is the greatest common divisor of 111 and 739?
1
What is the highest common factor of 2337391 and 994?
497
Calculate the highest common divisor of 1458 and 6.
6
Calculate the highest common factor of 664 and 13446.
166
What is the greatest common divisor of 30 and 175390?
10
What is the greatest common factor of 1020 and 4135080?
1020
Calculate the highest common divisor of 74 and 6127126.
74
What is the greatest common factor of 27462 and 18?
6
Calculate the greatest common factor of 370 and 189995.
185
What is the highest common factor of 7287 and 21?
21
Calculate the highest common factor of 5922 and 2268.
126
What is the greatest common divisor of 4638663 and 828?
207
What is the highest common factor of 10013 and 4845?
323
Calculate the highest common divisor of 149066 and 5.
1
Calculate the greatest common divisor of 61247 and 146.
73
What is the greatest common factor of 252875 and 1190?
595
Calculate the greatest common divisor of 165 and 351450.
165
Calculate the greatest common divisor of 10569 and 85365.
813
What is the greatest common divisor of 322524 and 289?
289
Calculate the greatest common divisor of 9714 and 1818.
6
What is the greatest common factor of 387 and 1233?
9
What is the highest common divisor of 1064150 and 175?
25
What is the highest common divisor of 431 and 67?
1
Calculate the highest common divisor of 112545 and 2952.
369
Calculate the greatest common divisor of 1084184 and 1416.
472
What is the highest common divisor of 294 and 7122?
6
What is the highest common factor of 17613 and 342?
171
What is the greatest common divisor of 145452 and 138?
138
What is the greatest common factor of 108 and 165636?
36
Calculate the highest common factor of 1197 and 288.
9
What is the greatest common divisor of 1008 and 287856?
144
What is the highest common divisor of 16677 and 1071?
153
What is the greatest common divisor of 6859 and 72561?
361
Calculate the highest common divisor of 8 and 1681144.
8
Calculate the highest common divisor of 65 and 23155.
5
What is the greatest common factor of 1770 and 36462?
354
Calculate the highest common divisor of 5265274 and 714.
238
Calculate the highest common divisor of 773696 and 11.
11
Calculate the highest common divisor of 32 and 6186.
2
What is the greatest common divisor of 368 and 100303?
23
What is the highest common divisor of 1750 and 797650?
350
Calculate the highest common factor of 1127 and 2104109.
1127
What is the greatest common factor of 399556 and 202?
202
What is the greatest common factor of 61721 and 913?
11
What is the highest common divisor of 51 and 5707393?
17
Calculate the greatest common divisor of 12652941 and 21.
21
Calculate the highest common divisor of 83039 and 1914.
11
What is the highest common divisor of 50699 and 1257?
419
What is the highest common divisor of 122122 and 37037?
1001
Calculate the highest common divisor of 348 and 29261.
29
What is the highest common divisor of 12 and 3388548?
12
Calculate the greatest common divisor of 35 and 557770.
5
What is the greatest common factor of 304 and 541823?
19
Calculate the highest common factor of 882 and 163464.
294
What is the greatest common divisor of 363 and 192027?
363
Calculate the greatest common divisor of 4138011 and 9.
9
What is the highest common divisor of 19849 and 253?
23
What is the greatest common divisor of 28187 and 71?
71
What is the highest common factor of 1340 and 353425?
335
What is the greatest common factor of 24650 and 125?
25
What is the highest common divisor of 9 and 68?
1
Calculate the greatest common divisor of 51 and 6843.
3
Calculate the highest common divisor of 8811 and 293166.
801
Calculate the greatest common factor of 40181 and 3197.
23
What is the highest common factor of 33243 and 105?
21
What is the greatest common factor of 55412 and 8?
4
What is the greatest common factor of 123 and 1960169?
41
Calculate the greatest common divisor of 165 and 625680.
165
What is the highest common factor of 513 and 31483?
19
What is the greatest common factor of 87078 and 5934?
138
Calculate the greatest common factor of 1957 and 399.
19
What is the highest common divisor of 141045 and 15?
15
What is the greatest common factor of 6724 and 3239?
41
Calculate the highest common divisor of 1278228 and 84.
84
What is the highest common factor of 629707 and 1534?
767
What is the greatest common factor of 3982 and 66?
22
What is the greatest common divisor of 294900 and 300?
300
What is the greatest common divisor of 54 and 1346?
2
What is the highest common factor of 7642923 and 23?
23
What is the greatest common divisor of 1446 and 11225298?
1446
Calculate the greatest common divisor of 300115 and 1544.
193
Calculate the highest common divisor of 876 and 206152.
292
W